{"id":66,"date":"2025-02-26T23:37:57","date_gmt":"2025-02-26T22:37:57","guid":{"rendered":"https:\/\/noemiedacruz.com\/?page_id=66"},"modified":"2025-02-27T08:52:43","modified_gmt":"2025-02-27T07:52:43","slug":"desperados","status":"publish","type":"page","link":"https:\/\/noemiedacruz.com\/index.php\/desperados\/","title":{"rendered":"Desperados"},"content":{"rendered":"\n<p><\/p>\n\n\n\n<p>Workshop<\/p>\n\n\n\n<div class=\"wp-block-columns is-layout-flex wp-container-core-columns-is-layout-28f84493 wp-block-columns-is-layout-flex\">\n<div class=\"wp-block-column is-layout-flow wp-block-column-is-layout-flow\" style=\"flex-basis:100%\">\n<div class=\"wp-block-group is-layout-constrained wp-block-group-is-layout-constrained\">\n<p style=\"border-top-style:none;border-top-width:0px;border-right-style:none;border-right-width:0px;border-bottom-style:none;border-bottom-width:0px;border-left-color:var(--wp--preset--color--background);border-left-width:55px;padding-top:0;padding-right:0;padding-bottom:0;padding-left:var(--wp--preset--spacing--80)\">R\u00e9alisation d\u2019une vid\u00e9o en illustration et animation 2D lors d\u2019un Workshop organis\u00e9 par Vente Priv\u00e9e et LISAA Paris. Cette vid\u00e9o a \u00e9t\u00e9 r\u00e9alis\u00e9e en collaboration avec Faustine Berthom\u00e9 et L\u00e9a Retailleau.<\/p>\n\n\n\n<figure class=\"wp-block-gallery has-nested-images columns-default is-cropped wp-block-gallery-1 is-layout-flex wp-block-gallery-is-layout-flex\">\n<figure class=\"wp-block-image size-large\"><img loading=\"lazy\" decoding=\"async\" width=\"1024\" height=\"322\" data-id=\"68\" src=\"https:\/\/noemiedacruz.com\/wp-content\/uploads\/2025\/02\/logo-desperados-1024x322.png\" alt=\"\" class=\"wp-image-68\" srcset=\"https:\/\/noemiedacruz.com\/wp-content\/uploads\/2025\/02\/logo-desperados-1024x322.png 1024w, https:\/\/noemiedacruz.com\/wp-content\/uploads\/2025\/02\/logo-desperados-300x94.png 300w, https:\/\/noemiedacruz.com\/wp-content\/uploads\/2025\/02\/logo-desperados-768x242.png 768w, https:\/\/noemiedacruz.com\/wp-content\/uploads\/2025\/02\/logo-desperados.png 1220w\" sizes=\"auto, (max-width: 1024px) 100vw, 1024px\" \/><\/figure>\n\n\n\n<figure class=\"wp-block-image size-large has-custom-border is-style-rounded\"><img loading=\"lazy\" decoding=\"async\" width=\"1024\" height=\"573\" data-id=\"67\" src=\"https:\/\/noemiedacruz.com\/wp-content\/uploads\/2025\/02\/Capture-decran-2025-02-17-a-22.31.13-1024x573.png\" alt=\"\" class=\"wp-image-67\" style=\"border-radius:15px\" srcset=\"https:\/\/noemiedacruz.com\/wp-content\/uploads\/2025\/02\/Capture-decran-2025-02-17-a-22.31.13-1024x573.png 1024w, https:\/\/noemiedacruz.com\/wp-content\/uploads\/2025\/02\/Capture-decran-2025-02-17-a-22.31.13-300x168.png 300w, https:\/\/noemiedacruz.com\/wp-content\/uploads\/2025\/02\/Capture-decran-2025-02-17-a-22.31.13-768x430.png 768w, https:\/\/noemiedacruz.com\/wp-content\/uploads\/2025\/02\/Capture-decran-2025-02-17-a-22.31.13-1536x859.png 1536w, https:\/\/noemiedacruz.com\/wp-content\/uploads\/2025\/02\/Capture-decran-2025-02-17-a-22.31.13-2048x1145.png 2048w\" sizes=\"auto, (max-width: 1024px) 100vw, 1024px\" \/><\/figure>\n<\/figure>\n<\/div>\n<\/div>\n<\/div>\n\n\n\n<figure class=\"wp-block-embed is-type-video is-provider-vimeo wp-block-embed-vimeo wp-embed-aspect-16-9 wp-has-aspect-ratio\"><div class=\"wp-block-embed__wrapper\">\n<iframe loading=\"lazy\" title=\"Final-DESPERADOSv5\" src=\"https:\/\/player.vimeo.com\/video\/1057642156?dnt=1&amp;app_id=122963\" width=\"500\" height=\"281\" frameborder=\"0\" allow=\"autoplay; fullscreen; picture-in-picture; clipboard-write; encrypted-media\"><\/iframe>\n<\/div><\/figure>\n\n\n\n<figure class=\"wp-block-image size-large has-custom-border is-style-rounded\"><img loading=\"lazy\" decoding=\"async\" width=\"1024\" height=\"322\" src=\"https:\/\/noemiedacruz.com\/wp-content\/uploads\/2025\/02\/3-1024x322.jpg\" alt=\"\" class=\"wp-image-69\" style=\"border-radius:15px\" srcset=\"https:\/\/noemiedacruz.com\/wp-content\/uploads\/2025\/02\/3-1024x322.jpg 1024w, https:\/\/noemiedacruz.com\/wp-content\/uploads\/2025\/02\/3-300x94.jpg 300w, https:\/\/noemiedacruz.com\/wp-content\/uploads\/2025\/02\/3-768x242.jpg 768w, https:\/\/noemiedacruz.com\/wp-content\/uploads\/2025\/02\/3.jpg 1220w\" sizes=\"auto, (max-width: 1024px) 100vw, 1024px\" \/><\/figure>\n\n\n\n<figure class=\"wp-block-gallery has-nested-images columns-default is-cropped wp-block-gallery-2 is-layout-flex wp-block-gallery-is-layout-flex\">\n<figure class=\"wp-block-image size-large\"><img loading=\"lazy\" decoding=\"async\" width=\"1002\" height=\"612\" data-id=\"71\" src=\"https:\/\/noemiedacruz.com\/wp-content\/uploads\/2025\/02\/Capture-decran-2025-02-17-a-22.32.39.png\" alt=\"\" class=\"wp-image-71\" srcset=\"https:\/\/noemiedacruz.com\/wp-content\/uploads\/2025\/02\/Capture-decran-2025-02-17-a-22.32.39.png 1002w, https:\/\/noemiedacruz.com\/wp-content\/uploads\/2025\/02\/Capture-decran-2025-02-17-a-22.32.39-300x183.png 300w, https:\/\/noemiedacruz.com\/wp-content\/uploads\/2025\/02\/Capture-decran-2025-02-17-a-22.32.39-768x469.png 768w\" sizes=\"auto, (max-width: 1002px) 100vw, 1002px\" \/><\/figure>\n\n\n\n<figure class=\"wp-block-image size-large\"><img loading=\"lazy\" decoding=\"async\" width=\"1008\" height=\"618\" data-id=\"72\" src=\"https:\/\/noemiedacruz.com\/wp-content\/uploads\/2025\/02\/Capture-decran-2025-02-17-a-22.32.08.png\" alt=\"\" class=\"wp-image-72\" srcset=\"https:\/\/noemiedacruz.com\/wp-content\/uploads\/2025\/02\/Capture-decran-2025-02-17-a-22.32.08.png 1008w, https:\/\/noemiedacruz.com\/wp-content\/uploads\/2025\/02\/Capture-decran-2025-02-17-a-22.32.08-300x184.png 300w, https:\/\/noemiedacruz.com\/wp-content\/uploads\/2025\/02\/Capture-decran-2025-02-17-a-22.32.08-768x471.png 768w\" sizes=\"auto, (max-width: 1008px) 100vw, 1008px\" \/><\/figure>\n\n\n\n<figure class=\"wp-block-image size-large\"><img loading=\"lazy\" decoding=\"async\" width=\"1008\" height=\"618\" data-id=\"70\" src=\"https:\/\/noemiedacruz.com\/wp-content\/uploads\/2025\/02\/Capture-decran-2025-02-17-a-22.31.52.png\" alt=\"\" class=\"wp-image-70\" srcset=\"https:\/\/noemiedacruz.com\/wp-content\/uploads\/2025\/02\/Capture-decran-2025-02-17-a-22.31.52.png 1008w, https:\/\/noemiedacruz.com\/wp-content\/uploads\/2025\/02\/Capture-decran-2025-02-17-a-22.31.52-300x184.png 300w, https:\/\/noemiedacruz.com\/wp-content\/uploads\/2025\/02\/Capture-decran-2025-02-17-a-22.31.52-768x471.png 768w\" sizes=\"auto, (max-width: 1008px) 100vw, 1008px\" \/><\/figure>\n<\/figure>\n\n\n\n<figure class=\"wp-block-image size-large has-custom-border is-style-rounded\"><img loading=\"lazy\" decoding=\"async\" width=\"627\" height=\"1024\" src=\"https:\/\/noemiedacruz.com\/wp-content\/uploads\/2025\/02\/Capture-decran-2019-02-17-a-19.31.40-627x1024.png\" alt=\"\" class=\"wp-image-73\" style=\"border-radius:15px\" srcset=\"https:\/\/noemiedacruz.com\/wp-content\/uploads\/2025\/02\/Capture-decran-2019-02-17-a-19.31.40-627x1024.png 627w, https:\/\/noemiedacruz.com\/wp-content\/uploads\/2025\/02\/Capture-decran-2019-02-17-a-19.31.40-184x300.png 184w, https:\/\/noemiedacruz.com\/wp-content\/uploads\/2025\/02\/Capture-decran-2019-02-17-a-19.31.40-768x1253.png 768w, https:\/\/noemiedacruz.com\/wp-content\/uploads\/2025\/02\/Capture-decran-2019-02-17-a-19.31.40-941x1536.png 941w, https:\/\/noemiedacruz.com\/wp-content\/uploads\/2025\/02\/Capture-decran-2019-02-17-a-19.31.40.png 1054w\" sizes=\"auto, (max-width: 627px) 100vw, 627px\" \/><\/figure>\n","protected":false},"excerpt":{"rendered":"<p>Workshop R\u00e9alisation d\u2019une vid\u00e9o en illustration et animation 2D lors d\u2019un Workshop organis\u00e9 par Vente Priv\u00e9e et LISAA Paris. Cette vid\u00e9o a \u00e9t\u00e9 r\u00e9alis\u00e9e en collaboration avec Faustine Berthom\u00e9 et L\u00e9a Retailleau.<\/p>\n","protected":false},"author":1,"featured_media":0,"parent":0,"menu_order":0,"comment_status":"closed","ping_status":"closed","template":"","meta":{"footnotes":""},"class_list":["post-66","page","type-page","status-publish","hentry"],"_links":{"self":[{"href":"https:\/\/noemiedacruz.com\/index.php\/wp-json\/wp\/v2\/pages\/66","targetHints":{"allow":["GET"]}}],"collection":[{"href":"https:\/\/noemiedacruz.com\/index.php\/wp-json\/wp\/v2\/pages"}],"about":[{"href":"https:\/\/noemiedacruz.com\/index.php\/wp-json\/wp\/v2\/types\/page"}],"author":[{"embeddable":true,"href":"https:\/\/noemiedacruz.com\/index.php\/wp-json\/wp\/v2\/users\/1"}],"replies":[{"embeddable":true,"href":"https:\/\/noemiedacruz.com\/index.php\/wp-json\/wp\/v2\/comments?post=66"}],"version-history":[{"count":2,"href":"https:\/\/noemiedacruz.com\/index.php\/wp-json\/wp\/v2\/pages\/66\/revisions"}],"predecessor-version":[{"id":87,"href":"https:\/\/noemiedacruz.com\/index.php\/wp-json\/wp\/v2\/pages\/66\/revisions\/87"}],"wp:attachment":[{"href":"https:\/\/noemiedacruz.com\/index.php\/wp-json\/wp\/v2\/media?parent=66"}],"curies":[{"name":"wp","href":"https:\/\/api.w.org\/{rel}","templated":true}]}}